 digit of b?
6
Let w be (-2)/(-9) - 75/(-27). Let j(t) = t**2 - 2*t - 3. Let r be j(-2). Suppose w*b - r = 10. What is the units digit of b?
5
Let n be -4 + 6 + (1 - -17). Suppose 3*l + 2*l - n = 0. What is the units digit of l?
4
Let g(b) = -b**3 - 17*b**2 - 15*b - 3. Let k be g(-16). Let z = 22 + k. What is the units digit of z?
3
Let t be (-131)/(-4) + 4/16. What is the units digit of (-2)/9 + t/27?
1
Let z be 21/(-9) + (-4)/6. Let u be (-32)/12 + (-2)/z. What is the units digit of 1/(u - -1) + 3?
2
Let h be (0/2)/(6 - 8). Let z(u) = -u**2 + u + 27. What is the tens digit of z(h)?
2
Let w = 18 + -1. What is the units digit of w?
7
Suppose -16 = 3*s - 52. What is the units digit of s?
2
Suppose 5*l - 160 = l. What is the tens digit of l?
4
Let l = -6 - -6. What is the units digit of 2 - l*2/(-6)?
2
Let q be (-34)/(-10) + 18/30. Suppose -3*u = q*a - 48, -a - 2 = -u + 21. What is the units digit of u?
0
Suppose -3*z - 2*z + 4*v + 717 = 0, 4*z + v = 582. What is the hundreds digit of z?
1
Suppose -5*z = -2*t + 3 - 2, 4 = -2*z + 2*t. Let k be 1 - ((z - 3) + -5). Suppose 5*v - k = v. What is the units digit of v?
2
Suppose 6*v + 559 = 3*w + 5*v, -163 = -w + 5*v. What is the units digit of w?
8
Let l = -9 - -22. Suppose -2*t + 19 = -l. What is the units digit of t?
6
Let k = 22 - 10. Let g be 8/k + (-17)/3. Let i = g + 12. What is the units digit of i?
7
What is the units digit of (4/10)/(2/120)?
4
Let c(u) = -5*u - 1. Suppose j = -3*z + 14, 2*z - 3*z + j = -2. Suppose -z*r - 16 = v, -3*r - 2*r + 2*v = 7. What is the units digit of c(r)?
4
Let h = 17 - 2. What is the tens digit of h + 0 - (-3)/1?
1
Let w(t) = 6*t - 3. Let k(s) = 9 - 19 - s + 9. Let q be k(-4). What is the units digit of w(q)?
5
Let m(o) = 4*o**3 - 3*o**2 + o + 2. Let a(i) = -5*i**3 + 4*i**2 - 2*i - 2. Let d(r) = 3*a(r) + 4*m(r). Let j = 24 + -22. What is the units digit of d(j)?
6
Let r be ((-6)/(-9))/(1/6). Suppose t + 12 = r*t. What is the units digit of t?
4
Suppose -p + x = -80, -2*p + 103 = 3*x - 82. What is the tens digit of p?
8
Suppose -5*c + d + 952 = 0, -3*c = c + 2*d - 756. What is the tens digit of c?
9
Let v be -1 - -2 - (2 + -2). Let j = 4 + v. Suppose 0*m - 35 = -j*m. What is the units digit of m?
7
Let f = 15 + -10. Suppose 0 = 5*h - 2*k + 11, -4 = f*h - 5*k + 1. What is the units digit of (-1)/h + (-40)/(-6)?
7
Let y = 3 - 1. What is the units digit of 51/6 + (-1)/y?
8
Let y(a) = 3*a**2 - a + 5. What is the units digit of y(4)?
9
Suppose l - 22 + 7 = 0. Let g = l + -11. Suppose 0 = 3*z - 3*b - 48, -g*z = -5*z - 5*b - 14. What is the units digit of z?
1
Let n = 29 - -73. What is the hundreds digit of n?
1
Let i = 296 - 194. What is the tens digit of i?
0
Let n = -1 + 3. Suppose b - n*u + 6 = 0, 5*u - 4 = -2*b - b. Let f = 6 + b. What is the units digit of f?
4
Let a = -17 - -11. Let l be (-10)/(-15) + 22/a. What is the units digit of 3*4/(-18)*l?
2
Suppose -2*u + 80 = -0*u. Suppose 3*y = -17 - u. Let j = -11 - y. What is the units digit of j?
8
What is the tens digit of 11/55 + (-98)/(-10)?
1
Suppose -5*m - 165 = 3*y, 3*y = -y - m - 203. Let g = -30 - y. What is the units digit of g?
0
Suppose -2*o + g + 3 = -o, -2*g = 4*o - 12. Let i(b) = 15*b - 6. What is the tens digit of i(o)?
3
Suppose -n = -5*z + 1 - 7, 0 = 5*n - 3*z - 52. What is the tens digit of n?
1
Suppose 4*a + 54 = 2*v, 3*v - 93 = 4*a - a. What is the units digit of v?
5
Let g be (-6)/(-15) + (-272)/(-20). Let u = g + 10. What is the tens digit of u?
2
Let c(i) = i**2 + i + i**3 + 4*i**2 + 3*i + 6 + i**2. What is the tens digit of c(-4)?
2
Let t = -17 - -28. Let o(v) = v - 10. What is the units digit of o(t)?
1
What is the units digit of (-10)/4*990/(-75)?
3
Suppose -c = 12 - 48. What is the tens digit of c?
3
Let n be -2*(18/(-4) - 0). Let g be (2 - 3)*0 - 0. Suppose g*s + n = s. What is the units digit of s?
9
Let r(i) = -i + 2*i + 12*i**2 - 2*i. What is the tens digit of r(-1)?
1
Suppose w = 200 + 105. Suppose 4*m = -m + w. Suppose 5*y - m = -6. What is the units digit of y?
1
What is the units digit of 3/(-5) - 288/(-30)?
9
What is the tens digit of (81 - -1) + 4/1?
8
Suppose 50 = g + 2*j, 0 = -3*g + 3*j - j + 126. What is the tens digit of g?
4
Let l(x) = -2*x - 4. Let d be (0 + 1)*(-4 + 1). Let k be l(d). What is the units digit of (1/k)/((-2)/(-4))?
1
Suppose -97 = -5*q + 373. Suppose -2*n + q = 20. What is the units digit of n?
7
Let j = -32 - -171. What is the hundreds digit of j?
1
Suppose -5*p = -0*p - 205. What is the tens digit of p?
4
Suppose -5*d - 4 = -7*d. Suppose 5*c + 128 = c. What is the units digit of c/(-6) - d/6?
5
Suppose 290 = 8*o - 3*o. What is the tens digit of o?
5
Suppose 2*f - 27 = 57. What is the tens digit of f?
4
Let o(x) = 26*x**3 - x**2 - x + 1. What is the tens digit of o(1)?
2
Suppose 3 = 3*r - 0. What is the units digit of r?
1
Let d(t) = t**2 + t + 4. Let f be d(-4). Suppose -f = -2*q - 2*q. What is the tens digit of (13/2)/(2/q)?
1
Let q(o) = -o**2 + 13. Suppose -3*a = a. What is the units digit of q(a)?
3
Suppose 5*o = 4*t - 8 + 1, 2*o - 5*t - 4 = 0. Let s = -11 - -7. What is the units digit of 3*(s/o)/2?
2
Suppose -2*r = -31 - 35. Let s = 15 + r. Suppose -4*u - 2*z = -s, -3*z = 2*z. What is the tens digit of u?
1
Let j(t) = -t**3 + 22*t**2 + 4*t + 10. What is the units digit of j(22)?
8
Suppose -2*d + 12 = 2*d. Suppose 4*f = 4*h - 48, d*h + 3*f - 24 = -0. What is the tens digit of h?
1
Let c(o) = 3*o**2 + 1. Let w be c(-1). Suppose -w = -n + s + s, -2*s = -5*n + 12. What is the units digit of n?
2
Let r(k) = k**3 + 8*k**2 - 4*k + 11. What is the units digit of r(-8)?
3
Suppose 3*o = 68 - 23. Let s = o - 7. What is the units digit of s?
8
Suppose 3*i + 4 = t, 4*t - 4*i = -i + 16. What is the units digit of t?
4
Let y(l) = l**2 - 5*l - 3. Let b be y(6). Suppose -2 = -b*j + 2*j. Suppose -5*t + j*t + 30 = 0. What is the tens digit of t?
1
Suppose b + 21 = 5*u + 5, 0 = -4*u - 3*b + 9. Suppose 3*w = u*r - 9, 5*w = 2*w - 4*r - 44. What is the units digit of 12/8*w/(-6)?
2
Let o(w) = -w**3 + 6*w**2 - 7*w + 6. Let a be o(5). Let k = a - -22. What is the tens digit of k?
1
Let k(b) = -2*b - 6. Let m be k(-5). What is the units digit of m/2*(-6)/(-4)?
3
What is the units digit of -1 - (606/(-5) - (-5)/25)?
0
Let q(o) = o + 14. Let l be q(-12). Suppose -l*z + 9 + 21 = 0. What is the units digit of z?
5
Let b be 10/(0 + 4/14). Suppose -2*d = 4*x + 38, -5*x - 6 = -4*d + b. What is the units digit of (-6)/(-27) - 25/x?
3
Suppose 16 = i - 2*v, 5*v - 15 = 2*i - 51. Suppose i + 8 = m. What is the units digit of m?
6
Let j(q) = 20*q**2 + 2*q + 2. What is the tens digit of j(-1)?
2
What is the hundreds digit of ((-82)/(-3))/(-2)*945/(-35)?
3
Suppose 2 = 2*h + 5*p, -p = -h + 3*p + 14. Let u be h/21 - 4/14. What is the units digit of u + 3 - 30/(-5)?
9
Let k be 1688/24 - 2/6. Suppose 0*q + k = -5*q. What is the tens digit of 4/q + 172/14?
1
What is the units digit of 4 - 24/4 - -114?
2
Suppose 0 = -4*s - 12, 0 = 5*i + s + s - 4. Suppose 0 = 2*q + w + i, -5*q + w = -0 - 2. Suppose q*o = 4*o - 36. What is the units digit of o?
9
Let a be 1 - 6 - (1 - 2). Let x(z) = -3*z - 3. Let k be x(a). Suppose 3*r - 24 = -2*v, -9 = -5*r + 4*v + k. What is the units digit of r?
6
Let f = 7 + -5. Suppose f*r + 2*r = -36. Let x = -7 - r. What is the units digit of x?
2
Let x(y) = -y**3 - 10*y**2 - 12*y - 5. Let g be x(-9). Suppose 5*c - g = -2. What is the units digit of c/14 + 66/14?
5
Let u be (-1)/3*(0 + -9). Suppose -b + u = -4*b. What is the units digit of (-2 + -2 - b)*-1?
3
What is the tens digit of (2 - 0/(-5)) + 103?
0
Suppose 0 = -3*z - 15, -5*d + z + 15 = -15. Suppose 0 = 2*o + 2*q + 8, d*q + 16 + 5 = -4*o. What is the units digit of o?
1
Suppose -3*d - 6 = -3*m - 0*d, -3*d + 18 = 5*m. Suppose 0 = -5*b - 20, b + m*b - 62 = -2*n. What is the units digit of n?
9
Suppose 5*s + 0*m - 5*m - 30 = 0, 0 = 4*s + 3*m - 24. Let b(u) = u**2 - 4*u + 6. Let x be b(s). Let n = x - 13. What is the units digit of n?
5
Let d = -8 - -87. Suppose -23 = 4*x - d. What is the tens digit of x?
1
Let m = 40 + -25. What is the tens digit of m?
1
Suppose -x = -0*x - 40. What is the tens digit of x?
4
Let b(v) = 3*v - 3. Let k be b(3). Suppose -d = p - k*p + 87, -3*p = 3*d - 45. What is the units digit of p?
7
S